s?
24
Let j be 12314/4 - (-950)/(-1900). What is the greatest common divisor of j and 1296?
162
Let r be 14 - (39/(-3) - -22). Calculate the highest common divisor of r and 11695.
5
Let c(b) be the third derivative of 5*b**6/12 + b**5/60 - b**4/6 + b**3/2 - 103*b**2. Let x be c(1). What is the greatest common factor of 75 and x?
25
Suppose -4*h + 11534 = -5*v, 4*h + v - 11594 = -4*v. Calculate the highest common factor of h and 196.
49
Suppose -36*b + 21*b = 87*b - 882300. What is the greatest common divisor of b and 50?
50
Let r be (0 - -3)/12*44. Suppose -7*f - 8 = -r*f. Suppose 0 = 3*t + 5*s + 19, 22 = t - f*s - 2*s. Calculate the greatest common factor of 1 and t.
1
Suppose 21*y = -2*t + 24*y + 4202, -3*t - y = -6325. What is the highest common divisor of t and 147?
49
Suppose 219*t - 4*k = 224*t - 9, k = t. Let s(r) = -r**2 + 6*r + 9. Suppose 2 + 5 = b. Let w be s(b). Calculate the highest common divisor of t and w.
1
Suppose -f - d = 0, 0*f - 3*f + d + 4 = 0. Suppose f = -r - 1. Let c be (-5)/20 - (2018/(-8) - r). Calculate the greatest common divisor of 50 and c.
50
Let u be (-18)/5*(-30)/9. Let g(c) = 11 + 2 + 4 + 25 + 2*c. Let a be g(-15). What is the greatest common factor of u and a?
12
Let i(r) = 198*r + 14072. Let m be i(-71). What is the greatest common divisor of m and 3493?
7
Let g = 361 + -161. Let y = g + -144. What is the greatest common divisor of 7 and y?
7
Suppose -2517 = -15*k - 973 + 3226. What is the highest common factor of k and 48?
6
Let z be 3*(-52)/(-6) - -3. Let d = -25 + z. Let a be (d + 25)*1 + -1. What is the highest common factor of 28 and a?
28
Suppose 0*d - 3*d - 3703 = -4*r, 2*r - 1847 = 3*d. What is the greatest common factor of r and 174?
58
Let x be 5/20 + (-3)/12 + 18. Let n = 25 + -21. Suppose -h - 2*v = -41, 4*v = -n*h + 6*h - 98. Calculate the highest common divisor of x and h.
9
Let w(p) = 49*p**2 - 3*p - 2. Let a be w(-3). Let c be (-3)/(-7 + (-9)/((-4536)/3501)). What is the greatest common factor of a and c?
56
Suppose 36 = 6*n - 10*n. Let a = n - -33. Let p = 117 + -69. Calculate the highest common factor of a and p.
24
Let b = 6417 + -6329. What is the greatest common divisor of b and 1408?
88
Let w(d) = 26*d + 60. Let t be w(3). Let s = 144 - t. What is the greatest common factor of 36 and s?
6
Suppose 0 = 52*u - 51*u - 3, 3*v - 3147 = -4*u. Calculate the greatest common factor of 275 and v.
55
Suppose 912 = 12*y + 312. Suppose -4*o + 3*b + 64 = 7*b, -3*o - 2*b = -y. Calculate the greatest common factor of o and 12.
6
Let g(f) = 72*f - 1508. Let m be g(21). Let h be -1 + (1 - 2) + 2. Let i = h + 16. What is the greatest common divisor of i and m?
4
Suppose -8*r - 216 = -12*r. Suppose r - 25 = o. Let i(k) = 34*k**2 + 4*k + 1. Let w be i(3). What is the highest common divisor of w and o?
29
Suppose 0 = 28*g - 1156 - 1084. Suppose 4*b = 3462 + 58. What is the greatest common factor of g and b?
80
Let o(g) = g**3 - 43*g**2 + 84*g - 1539. Let u be o(42). What is the highest common divisor of 125 and u?
25
Suppose -12*a + 5113 + 1367 = 0. Let s be (a/(-405))/(0 - 2/18). Calculate the highest common divisor of s and 3.
3
Let k(b) = 54*b**2 - 22*b - 200. Let o be k(-8). Calculate the highest common factor of o and 117.
39
Suppose 0*h = 3*h - 9. Suppose 1593 = -12*c - 759. Let w = c - -223. What is the greatest common divisor of w and h?
3
Suppose 3*b - 846 = -3*b. Let y be (4 - (5 - -3)) + b. Suppose t - y = -105. What is the greatest common divisor of t and 4?
4
Let s(z) be the first derivative of -3*z**2/2 + 33*z + 35. Let g be s(10). Calculate the greatest common factor of 1 and g.
1
Let z be (6/(-9))/(20/(-6))*-5*-40. What is the greatest common factor of z and 50?
10
Let p(b) = 3*b - 40. Let d be p(16). Let q be ((-65)/10 - -5)*-30 - 5. Calculate the greatest common divisor of q and d.
8
Let z be 774/(-4644) - (-1)/((-12)/(-21314)). What is the highest common divisor of z and 999?
111
Suppose -1707 = -4*t + 5*c, 4*c = -4*t + 8*t - 1704. Suppose 5*n - 652 = t. What is the greatest common divisor of n and 86?
43
Suppose -3699 = -303*d + 17493 + 101523. Calculate the greatest common divisor of 120 and d.
15
Let p = -17447 - -17567. Calculate the greatest common factor of 1240 and p.
40
Let g be (2/5)/(28/(-280)). Let z be (22 - 7)/((-10)/g). What is the greatest common divisor of 6 and z?
6
Suppose -2*a = 2081 - 2105. What is the greatest common divisor of a and 81?
3
Let y be 201/(-134)*(-3 + 2)*2. Suppose 3*t + 208 = 5*t + q, y*t - 326 = -5*q. What is the greatest common factor of 238 and t?
34
Let w(d) = -5*d**3 - d**2 - 9*d + 3. Let j be w(-3). Let u(t) = t**2 - 11*t - 41. Let s be u(16). Calculate the greatest common divisor of s and j.
39
Let g(l) be the second derivative of l**3 + 96*l**2 + 111*l. Let s be g(-24). Calculate the highest common factor of s and 48.
48
Suppose 0 = -34*u + 32*u - 6. Let t be (u/((-54)/(-12)))/((-8)/540). Let n(i) = 2*i**2 - 4*i + 2. Let c be n(4). What is the highest common factor of c and t?
9
Let t(j) = j**3 - 22*j**2 - 5*j - 1. Let b be t(22). Let v be -13 + 14 + b + 0. Let d = 116 + v. Calculate the greatest common divisor of d and 6.
6
Suppose -17*k + 114 = 2*k. Suppose 0 = -9*o + k*o + 5*t + 34, -t = 4*o - 7. Calculate the greatest common divisor of 4 and o.
1
Let j = -11950 + 11968. Calculate the highest common factor of j and 8634.
6
Let b(o) = 3*o**3 - 64*o**2 - 93*o - 18. Let a be b(23). What is the greatest common factor of a and 427?
61
Let v = -3857 - -3933. Calculate the highest common divisor of v and 4180.
76
Let l = -884 + 903. Suppose l*h + 152 = 1102. What is the greatest common factor of 275 and h?
25
Suppose -3*g + 2977 = -2*j + 656, -5*j = -2*g + 1551. Let v = -747 + g. What is the greatest common divisor of 26 and v?
26
Let x(r) = 6*r - 18. Let k be x(3). Suppose k*g = 5*g + 5, -3*p = 4*g - 62. What is the highest common factor of p and 209?
11
Let f be (860/1075)/((-4)/30*-3) + 4660. What is the greatest common divisor of 126 and f?
126
Suppose 5 = -35*x - 65. Suppose -4*u = -4*g - 12, 2*u - 2 = -8. Let w be 154/g*6/x. Calculate the greatest common factor of w and 7.
7
Let g(x) = -x**3 + 118*x**2 - 682*x - 103. Let m be g(111). Calculate the highest common factor of m and 681.
227
Let i = -19818 - -20188. What is the highest common factor of 130 and i?
10
Suppose 3*s - 2*s = 4*u + 107, -2*s - 4*u = -178. Let k = -63 + s. Suppose 5*l + 0*l = 20. What is the highest common divisor of l and k?
4
Let j be 24/16*(-16)/6*(-2944)/8. What is the greatest common factor of 96 and j?
32
Let a = 48 - 70. Let l = a + 25. Suppose 18 = p + l*n - 0*n, 3*p - 5*n + 16 = 0. What is the greatest common divisor of 3 and p?
3
Suppose 0 = 5*t - k - 146, 0 = -0*t + 2*t + k - 64. Suppose 0*a + 10*a - 300 = 0. Calculate the greatest common factor of t and a.
30
Let q be -3 + 267/9 - (-4)/3. What is the highest common divisor of 4228 and q?
28
Suppose 830*u = 562*u + 324280. Calculate the greatest common divisor of u and 410.
10
Let a(j) = -15*j + 5. Let y be (16/(-10))/(-2 + (-8)/(-5)). Suppose y*n - 15 = -35. Let r be a(n). Calculate the greatest common factor of 20 and r.
20
Suppose 2*k = -3*i + 1062, -3*i + 0*k = 5*k - 1062. What is the greatest common divisor of 2773 and i?
59
Let q(j) = -9*j**3 - j**2 + 1. Let z be q(-1). Let u be -10 + 48 + (2 - (-14 - -9)). What is the greatest common factor of u and z?
9
Let i be 315/10 + (-36)/(-8) + -5. What is the highest common factor of 1891 and i?
31
Let p(v) = -v**3 - 33*v**2 - 146*v + 53. Let m be p(-28). Calculate the highest common factor of m and 2873.
221
Let a = -76 + 86. Suppose 764 + 556 = a*h. Calculate the greatest common factor of 220 and h.
44
Let r be 7/(21/(-30))*7/(-7). Let s(m) = -m**3 + m**2 - m + 50. Let w be 0/(4*(-3)/6). Let t be s(w). Calculate the greatest common factor of r and t.
10
Let o be 2120/50 + -4 + 4/40*-4. What is the greatest common divisor of 266 and o?
38
Suppose -5*t - 6*t = -770. Suppose 20*f = 18*f + t. Calculate the highest common factor of 385 and f.
35
Suppose -2*q - m + 388 = -448, 0 = -4*q - 5*m + 1672. Calculate the highest common divisor of q and 2318.
38
Let o be 63/5 + 4/10. Suppose 7*v = 13*v + 180. Let s = v - -121. What is the greatest common factor of o and s?
